{"id":376,"date":"2023-08-14T09:15:47","date_gmt":"2023-08-14T09:15:47","guid":{"rendered":"https:\/\/civik.es\/?page_id=376"},"modified":"2023-08-15T21:30:09","modified_gmt":"2023-08-15T21:30:09","slug":"el-punto-de-vista-en-una-novela","status":"publish","type":"page","link":"https:\/\/civik.es\/index.php\/el-punto-de-vista-en-una-novela\/","title":{"rendered":"EL PUNTO DE VISTA EN UNA NOVELA"},"content":{"rendered":"\n<p class=\"has-text-align-center\"><a href=\"https:\/\/www.amazon.es\/Curso-escritura-creativa-Sine-Qua\/dp\/8466671897\/ref=sr_1_1?keywords=curso+de+escritura+creativa+brandon+sanderson&amp;qid=1691329999&amp;sprefix=curso+de+es%2Caps%2C108&amp;sr=8-1\" target=\"_blank\" rel=\"noreferrer noopener\"><em>Curso de escritura creativa (Brandon Sanderson)<\/em><\/a><\/p>\n\n\n<div class=\"wp-block-image\">\n<figure class=\"aligncenter size-large is-resized\"><img loading=\"lazy\" decoding=\"async\" src=\"https:\/\/civik.es\/wp-content\/uploads\/2023\/08\/IMG_20230804_153742-3-768x1024.jpg\" alt=\"EL PUNTO DE VISTA EN UNA NOVELA\" class=\"wp-image-378\" style=\"object-fit:cover;width:77px;height:103px\" width=\"77\" height=\"103\" srcset=\"https:\/\/civik.es\/wp-content\/uploads\/2023\/08\/IMG_20230804_153742-3-768x1024.jpg 768w, https:\/\/civik.es\/wp-content\/uploads\/2023\/08\/IMG_20230804_153742-3-225x300.jpg 225w, https:\/\/civik.es\/wp-content\/uploads\/2023\/08\/IMG_20230804_153742-3-1152x1536.jpg 1152w, https:\/\/civik.es\/wp-content\/uploads\/2023\/08\/IMG_20230804_153742-3-1536x2048.jpg 1536w, https:\/\/civik.es\/wp-content\/uploads\/2023\/08\/IMG_20230804_153742-3-300x400.jpg 300w, https:\/\/civik.es\/wp-content\/uploads\/2023\/08\/IMG_20230804_153742-3-850x1133.jpg 850w, https:\/\/civik.es\/wp-content\/uploads\/2023\/08\/IMG_20230804_153742-3-scaled.jpg 1920w\" sizes=\"auto, (max-width: 77px) 100vw, 77px\" \/><\/figure>\n<\/div>\n\n\n<p>Existen tres enfoques fundamentales en la narrativa: el punto de vista omnisciente del narrador, el punto de vista en primera persona y el punto de vista en segunda persona.<\/p>\n\n\n\n<p>Variantes del narrador omnisciente: Dentro de esta categor\u00eda se pueden seleccionar entre dos modelos. El primero es el narrador presente, que combina elementos de la primera persona y el omnisciente. El segundo modelo es el narrador en tercera persona, conocido como omnisciente verdadero. En este \u00faltimo, el narrador generalmente no encarna a ninguno de los personajes, y el lector tiene acceso a los pensamientos y emociones de todos los personajes simult\u00e1neamente. Cada p\u00e1rrafo puede adoptar cualquier perspectiva en cualquier momento, seg\u00fan la elecci\u00f3n del autor, quien generalmente no oculta informaci\u00f3n al lector. El estilo omnisciente verdadero puede resultar desafiante, por lo que es aconsejable estudiarlo con detenimiento antes de intentar usarlo.<\/p>\n\n\n\n<p>Por \u00faltimo, est\u00e1 la variante del narrador omnisciente limitado. Esta versi\u00f3n en tercera persona es, en opini\u00f3n de Brandon Sanderson, la que m\u00e1s se emplea. Aproximadamente el noventa por ciento de los libros publicados est\u00e1n escritos en este estilo. El narrador omnisciente limitado implica que, para una escena espec\u00edfica, el autor elige la perspectiva de un personaje y narra desde su punto de vista. Solo tenemos acceso a los pensamientos y emociones de ese personaje, lo que significa que si otros personajes tienen pensamientos, estos se presentan a trav\u00e9s de la interpretaci\u00f3n del personaje en foco. El lector se adentra en la mente de ese personaje, aunque en cambios de escena puede alternar entre distintos personajes. Aunque la narraci\u00f3n est\u00e1 fuertemente influenciada por la percepci\u00f3n del mundo de estos personajes, si el autor enga\u00f1a activamente al lector al escribir en este estilo, este se sentir\u00e1 decepcionado. No obstante, existen m\u00e9todos para lograrlo. Por ejemplo, en \u00abEl Imperio final\u00bb, lo logr\u00e9 en algunas ocasiones. Kelsier oculta un gran secreto al resto del equipo. Para evitar revelarlo al lector mientras estamos en la perspectiva de Kelsier, lo hac\u00eda pensar de esta manera: \u00abAhora no puedo centrarme en eso, es demasiado doloroso\u00bb. En el narrador omnisciente limitado, a veces es necesario recurrir a trucos como este para retener informaci\u00f3n, aunque eso pueda considerarse un recurso enga\u00f1oso. Sin embargo, en ocasiones, una artima\u00f1a de este tipo es imprescindible.<\/p>\n\n\n\n<p>Ventajas, desventajas y combinaciones: Las combinaciones de modelos narrativos no est\u00e1n limitadas a la inserci\u00f3n ocasional de fragmentos diferentes.<\/p>\n","protected":false},"excerpt":{"rendered":"<p>Curso de escritura creativa (Brandon Sanderson) Existen tres enfoques fundamentales en la narrativa: el punto de vista omnisciente del narrador, el punto de vista en primera persona y el punto de vista en segunda persona. Variantes del narrador omnisciente: Dentro de esta categor\u00eda se pueden seleccionar entre dos modelos. El primero es el narrador presente,&hellip;&nbsp;<a href=\"https:\/\/civik.es\/index.php\/el-punto-de-vista-en-una-novela\/\" class=\"\" rel=\"bookmark\">Leer m\u00e1s &raquo;<span class=\"screen-reader-text\">EL PUNTO DE VISTA EN UNA NOVELA<\/span><\/a><\/p>\n","protected":false},"author":1,"featured_media":0,"parent":0,"menu_order":0,"comment_status":"closed","ping_status":"closed","template":"","meta":{"_eb_attr":"","neve_meta_sidebar":"","neve_meta_container":"","neve_meta_enable_content_width":"","neve_meta_content_width":0,"neve_meta_title_alignment":"","neve_meta_author_avatar":"","neve_post_elements_order":"","neve_meta_disable_header":"","neve_meta_disable_footer":"","neve_meta_disable_title":"","_themeisle_gutenberg_block_has_review":false,"footnotes":""},"class_list":["post-376","page","type-page","status-publish","hentry"],"yoast_head":"<!-- This site is optimized with the Yoast SEO plugin v27.5 - https:\/\/yoast.com\/product\/yoast-seo-wordpress\/ -->\n<title>EL PUNTO DE VISTA EN UNA NOVELA - A.L. Gallego<\/title>\n<meta name=\"description\" content=\"EL PUNTO DE VISTA EN UNA NOVELA: Existen tres enfoques fundamentales: el punto de vista omnisciente, en primera persona y en segunda persona.\" \/>\n<meta name=\"robots\" content=\"index, follow, max-snippet:-1, max-image-preview:large, max-video-preview:-1\" \/>\n<link rel=\"canonical\" href=\"https:\/\/civik.es\/index.php\/el-punto-de-vista-en-una-novela\/\" \/>\n<meta property=\"og:locale\" content=\"es_ES\" \/>\n<meta property=\"og:type\" content=\"article\" \/>\n<meta property=\"og:title\" content=\"EL PUNTO DE VISTA EN UNA NOVELA - A.L. Gallego\" \/>\n<meta property=\"og:description\" content=\"EL PUNTO DE VISTA EN UNA NOVELA: Existen tres enfoques fundamentales: el punto de vista omnisciente, en primera persona y en segunda persona.\" \/>\n<meta property=\"og:url\" content=\"https:\/\/civik.es\/index.php\/el-punto-de-vista-en-una-novela\/\" \/>\n<meta property=\"og:site_name\" content=\"A.L. Gallego\" \/>\n<meta property=\"article:modified_time\" content=\"2023-08-15T21:30:09+00:00\" \/>\n<meta property=\"og:image\" content=\"https:\/\/civik.es\/wp-content\/uploads\/2023\/08\/IMG_20230804_153742-3-768x1024.jpg\" \/>\n<meta name=\"twitter:card\" content=\"summary_large_image\" \/>\n<meta name=\"twitter:site\" content=\"@Civikoficial\" \/>\n<meta name=\"twitter:label1\" content=\"Tiempo de lectura\" \/>\n\t<meta name=\"twitter:data1\" content=\"3 minutos\" \/>\n<script type=\"application\/ld+json\" class=\"yoast-schema-graph\">{\"@context\":\"https:\\\/\\\/schema.org\",\"@graph\":[{\"@type\":\"WebPage\",\"@id\":\"https:\\\/\\\/civik.es\\\/index.php\\\/el-punto-de-vista-en-una-novela\\\/\",\"url\":\"https:\\\/\\\/civik.es\\\/index.php\\\/el-punto-de-vista-en-una-novela\\\/\",\"name\":\"EL PUNTO DE VISTA EN UNA NOVELA - A.L. Gallego\",\"isPartOf\":{\"@id\":\"https:\\\/\\\/civik.es\\\/#website\"},\"primaryImageOfPage\":{\"@id\":\"https:\\\/\\\/civik.es\\\/index.php\\\/el-punto-de-vista-en-una-novela\\\/#primaryimage\"},\"image\":{\"@id\":\"https:\\\/\\\/civik.es\\\/index.php\\\/el-punto-de-vista-en-una-novela\\\/#primaryimage\"},\"thumbnailUrl\":\"https:\\\/\\\/civik.es\\\/wp-content\\\/uploads\\\/2023\\\/08\\\/IMG_20230804_153742-3-768x1024.jpg\",\"datePublished\":\"2023-08-14T09:15:47+00:00\",\"dateModified\":\"2023-08-15T21:30:09+00:00\",\"description\":\"EL PUNTO DE VISTA EN UNA NOVELA: Existen tres enfoques fundamentales: el punto de vista omnisciente, en primera persona y en segunda persona.\",\"breadcrumb\":{\"@id\":\"https:\\\/\\\/civik.es\\\/index.php\\\/el-punto-de-vista-en-una-novela\\\/#breadcrumb\"},\"inLanguage\":\"es\",\"potentialAction\":[{\"@type\":\"ReadAction\",\"target\":[\"https:\\\/\\\/civik.es\\\/index.php\\\/el-punto-de-vista-en-una-novela\\\/\"]}]},{\"@type\":\"ImageObject\",\"inLanguage\":\"es\",\"@id\":\"https:\\\/\\\/civik.es\\\/index.php\\\/el-punto-de-vista-en-una-novela\\\/#primaryimage\",\"url\":\"https:\\\/\\\/civik.es\\\/wp-content\\\/uploads\\\/2023\\\/08\\\/IMG_20230804_153742-3-scaled.jpg\",\"contentUrl\":\"https:\\\/\\\/civik.es\\\/wp-content\\\/uploads\\\/2023\\\/08\\\/IMG_20230804_153742-3-scaled.jpg\",\"width\":1920,\"height\":2560},{\"@type\":\"BreadcrumbList\",\"@id\":\"https:\\\/\\\/civik.es\\\/index.php\\\/el-punto-de-vista-en-una-novela\\\/#breadcrumb\",\"itemListElement\":[{\"@type\":\"ListItem\",\"position\":1,\"name\":\"Portada\",\"item\":\"https:\\\/\\\/civik.es\\\/\"},{\"@type\":\"ListItem\",\"position\":2,\"name\":\"EL PUNTO DE VISTA EN UNA NOVELA\"}]},{\"@type\":\"WebSite\",\"@id\":\"https:\\\/\\\/civik.es\\\/#website\",\"url\":\"https:\\\/\\\/civik.es\\\/\",\"name\":\"A.L. Gallego\",\"description\":\"&quot;Escritor de fantas\u00eda ligera para adultos que buscan escapar del mundo real.&quot;\",\"publisher\":{\"@id\":\"https:\\\/\\\/civik.es\\\/#\\\/schema\\\/person\\\/b22ef9dba23952d42910a444454e6e60\"},\"alternateName\":\"Novelas\",\"potentialAction\":[{\"@type\":\"SearchAction\",\"target\":{\"@type\":\"EntryPoint\",\"urlTemplate\":\"https:\\\/\\\/civik.es\\\/?s={search_term_string}\"},\"query-input\":{\"@type\":\"PropertyValueSpecification\",\"valueRequired\":true,\"valueName\":\"search_term_string\"}}],\"inLanguage\":\"es\"},{\"@type\":[\"Person\",\"Organization\"],\"@id\":\"https:\\\/\\\/civik.es\\\/#\\\/schema\\\/person\\\/b22ef9dba23952d42910a444454e6e60\",\"name\":\"A.L. gallego\",\"image\":{\"@type\":\"ImageObject\",\"inLanguage\":\"es\",\"@id\":\"https:\\\/\\\/civik.es\\\/wp-content\\\/uploads\\\/2024\\\/03\\\/cropped-dream_TradingCard32123132.jpg\",\"url\":\"https:\\\/\\\/civik.es\\\/wp-content\\\/uploads\\\/2024\\\/03\\\/cropped-dream_TradingCard32123132.jpg\",\"contentUrl\":\"https:\\\/\\\/civik.es\\\/wp-content\\\/uploads\\\/2024\\\/03\\\/cropped-dream_TradingCard32123132.jpg\",\"width\":512,\"height\":512,\"caption\":\"A.L. gallego\"},\"logo\":{\"@id\":\"https:\\\/\\\/civik.es\\\/wp-content\\\/uploads\\\/2024\\\/03\\\/cropped-dream_TradingCard32123132.jpg\"},\"sameAs\":[\"http:\\\/\\\/civik.es\",\"Civikoficial\",\"https:\\\/\\\/x.com\\\/Civikoficial\"]}]}<\/script>\n<!-- \/ Yoast SEO plugin. -->","yoast_head_json":{"title":"EL PUNTO DE VISTA EN UNA NOVELA - A.L. Gallego","description":"EL PUNTO DE VISTA EN UNA NOVELA: Existen tres enfoques fundamentales: el punto de vista omnisciente, en primera persona y en segunda persona.","robots":{"index":"index","follow":"follow","max-snippet":"max-snippet:-1","max-image-preview":"max-image-preview:large","max-video-preview":"max-video-preview:-1"},"canonical":"https:\/\/civik.es\/index.php\/el-punto-de-vista-en-una-novela\/","og_locale":"es_ES","og_type":"article","og_title":"EL PUNTO DE VISTA EN UNA NOVELA - A.L. Gallego","og_description":"EL PUNTO DE VISTA EN UNA NOVELA: Existen tres enfoques fundamentales: el punto de vista omnisciente, en primera persona y en segunda persona.","og_url":"https:\/\/civik.es\/index.php\/el-punto-de-vista-en-una-novela\/","og_site_name":"A.L. Gallego","article_modified_time":"2023-08-15T21:30:09+00:00","og_image":[{"url":"https:\/\/civik.es\/wp-content\/uploads\/2023\/08\/IMG_20230804_153742-3-768x1024.jpg","type":"","width":"","height":""}],"twitter_card":"summary_large_image","twitter_site":"@Civikoficial","twitter_misc":{"Tiempo de lectura":"3 minutos"},"schema":{"@context":"https:\/\/schema.org","@graph":[{"@type":"WebPage","@id":"https:\/\/civik.es\/index.php\/el-punto-de-vista-en-una-novela\/","url":"https:\/\/civik.es\/index.php\/el-punto-de-vista-en-una-novela\/","name":"EL PUNTO DE VISTA EN UNA NOVELA - A.L. Gallego","isPartOf":{"@id":"https:\/\/civik.es\/#website"},"primaryImageOfPage":{"@id":"https:\/\/civik.es\/index.php\/el-punto-de-vista-en-una-novela\/#primaryimage"},"image":{"@id":"https:\/\/civik.es\/index.php\/el-punto-de-vista-en-una-novela\/#primaryimage"},"thumbnailUrl":"https:\/\/civik.es\/wp-content\/uploads\/2023\/08\/IMG_20230804_153742-3-768x1024.jpg","datePublished":"2023-08-14T09:15:47+00:00","dateModified":"2023-08-15T21:30:09+00:00","description":"EL PUNTO DE VISTA EN UNA NOVELA: Existen tres enfoques fundamentales: el punto de vista omnisciente, en primera persona y en segunda persona.","breadcrumb":{"@id":"https:\/\/civik.es\/index.php\/el-punto-de-vista-en-una-novela\/#breadcrumb"},"inLanguage":"es","potentialAction":[{"@type":"ReadAction","target":["https:\/\/civik.es\/index.php\/el-punto-de-vista-en-una-novela\/"]}]},{"@type":"ImageObject","inLanguage":"es","@id":"https:\/\/civik.es\/index.php\/el-punto-de-vista-en-una-novela\/#primaryimage","url":"https:\/\/civik.es\/wp-content\/uploads\/2023\/08\/IMG_20230804_153742-3-scaled.jpg","contentUrl":"https:\/\/civik.es\/wp-content\/uploads\/2023\/08\/IMG_20230804_153742-3-scaled.jpg","width":1920,"height":2560},{"@type":"BreadcrumbList","@id":"https:\/\/civik.es\/index.php\/el-punto-de-vista-en-una-novela\/#breadcrumb","itemListElement":[{"@type":"ListItem","position":1,"name":"Portada","item":"https:\/\/civik.es\/"},{"@type":"ListItem","position":2,"name":"EL PUNTO DE VISTA EN UNA NOVELA"}]},{"@type":"WebSite","@id":"https:\/\/civik.es\/#website","url":"https:\/\/civik.es\/","name":"A.L. Gallego","description":"&quot;Escritor de fantas\u00eda ligera para adultos que buscan escapar del mundo real.&quot;","publisher":{"@id":"https:\/\/civik.es\/#\/schema\/person\/b22ef9dba23952d42910a444454e6e60"},"alternateName":"Novelas","potentialAction":[{"@type":"SearchAction","target":{"@type":"EntryPoint","urlTemplate":"https:\/\/civik.es\/?s={search_term_string}"},"query-input":{"@type":"PropertyValueSpecification","valueRequired":true,"valueName":"search_term_string"}}],"inLanguage":"es"},{"@type":["Person","Organization"],"@id":"https:\/\/civik.es\/#\/schema\/person\/b22ef9dba23952d42910a444454e6e60","name":"A.L. gallego","image":{"@type":"ImageObject","inLanguage":"es","@id":"https:\/\/civik.es\/wp-content\/uploads\/2024\/03\/cropped-dream_TradingCard32123132.jpg","url":"https:\/\/civik.es\/wp-content\/uploads\/2024\/03\/cropped-dream_TradingCard32123132.jpg","contentUrl":"https:\/\/civik.es\/wp-content\/uploads\/2024\/03\/cropped-dream_TradingCard32123132.jpg","width":512,"height":512,"caption":"A.L. gallego"},"logo":{"@id":"https:\/\/civik.es\/wp-content\/uploads\/2024\/03\/cropped-dream_TradingCard32123132.jpg"},"sameAs":["http:\/\/civik.es","Civikoficial","https:\/\/x.com\/Civikoficial"]}]}},"_links":{"self":[{"href":"https:\/\/civik.es\/index.php\/wp-json\/wp\/v2\/pages\/376","targetHints":{"allow":["GET"]}}],"collection":[{"href":"https:\/\/civik.es\/index.php\/wp-json\/wp\/v2\/pages"}],"about":[{"href":"https:\/\/civik.es\/index.php\/wp-json\/wp\/v2\/types\/page"}],"author":[{"embeddable":true,"href":"https:\/\/civik.es\/index.php\/wp-json\/wp\/v2\/users\/1"}],"replies":[{"embeddable":true,"href":"https:\/\/civik.es\/index.php\/wp-json\/wp\/v2\/comments?post=376"}],"version-history":[{"count":3,"href":"https:\/\/civik.es\/index.php\/wp-json\/wp\/v2\/pages\/376\/revisions"}],"predecessor-version":[{"id":386,"href":"https:\/\/civik.es\/index.php\/wp-json\/wp\/v2\/pages\/376\/revisions\/386"}],"wp:attachment":[{"href":"https:\/\/civik.es\/index.php\/wp-json\/wp\/v2\/media?parent=376"}],"curies":[{"name":"wp","href":"https:\/\/api.w.org\/{rel}","templated":true}]}}